f (-1)/((-3)/(-66)*d).
2, 11
Let c = -4 - -2. Let a = 1 - c. Suppose a*w - 4*d = 46, 0 = w + 2*w - 5*d - 50. List the prime factors of w.
2, 5
Let f be (10/20)/((-2)/(-20)). Suppose 0 = 3*l - 4*v - 78, 8 = -4*l - f*v + 112. What are the prime factors of l?
2, 13
Suppose 0*h - 5*h = -2*z + 5, 30 = 5*z + 5*h. Suppose 0 = -z*y + 4*i + 185, -4*i = 12 + 8. What are the prime factors of y?
3, 11
Let p = -21 - -31. List the prime factors of (-4)/p + (-134)/(-10).
13
Let f(k) = k**2 - 6*k + 2. Let h be f(4). Let m(l) = -l**2 - 5*l - 2. Let u be m(h). Let s(o) = -o + 3. List the prime factors of s(u).
11
Let j(v) = -3*v - 2. Suppose -2*s = 4*c - 6*c - 2, -5*s - 10 = -2*c. List the prime factors of j(c).
13
Let a(b) = -b**2 + 8*b - 9. Suppose o + o + 6 = 0, 9 = 2*x + o. List the prime factors of a(x).
3
Suppose -1187 = 19*w - 3885. What are the prime factors of w?
2, 71
Let f = -29 + 90. Let w = f + -29. What are the prime factors of w?
2
Suppose -41 - 1 = -2*x. Let p = 33 - x. What are the prime factors of p?
2, 3
Suppose -2*z = -r + 108, r + 0*r - 5*z - 93 = 0. List the prime factors of r.
2, 59
Suppose 4*y = 47 + 61. List the prime factors of y.
3
Let w = 10 + -7. Suppose 0*n = -2*l - 3*n + 42, n + 63 = w*l. What are the prime factors of l?
3, 7
Let y = 7 + -5. Let i(b) be the second derivative of b**5/10 - b**4/4 - b**3/6 + b**2 + b. List the prime factors of i(y).
2
Suppose 2*p + u - 112 = 138, 4*u - 250 = -2*p. List the prime factors of p.
5
Let c(o) = o - 2. Let r be 28/6 + (-2)/(-6). Suppose s - r = -0. List the prime factors of c(s).
3
Suppose 3*u + 6 + 6 = 0, 3*u = -2*v + 108. Suppose y - v = -y. List the prime factors of y.
2, 3, 5
Let c = 38 + -34. Let x = 9 - 5. Suppose 2*w + c = x*w. List the prime factors of w.
2
What are the prime factors of 10092/42 - 1*2/7?
2, 3, 5
List the prime factors of (-3)/(9/6) + 0 + 20.
2, 3
Suppose -1 = -0*o + o. Let i be o*3/(-9)*57. List the prime factors of -2 + -2 + i + 2.
17
What are the prime factors of 429*(-10)/75*-5?
2, 11, 13
Let q be (-38)/(-6 - (-4)/1). Suppose c - q = -4*h + 29, 3*c - 112 = -4*h. What are the prime factors of c?
2
Suppose -566 = -7*r - 90. List the prime factors of r.
2, 17
Let b be ((-50)/6)/(5/(-45)). Suppose 4*y + b = 347. Suppose -y + 20 = -4*t. List the prime factors of t.
2, 3
Let u(v) = -2*v - 18. Let g be u(0). List the prime factors of 2/9 + (-140)/g.
2
Suppose -12 = -4*u + 3*m, -u - 3*m + 10 = -2*m. Let f be (-28)/42*48/(-2). Let q = f - u. What are the prime factors of q?
2, 5
Let y(p) = p**3 + p + 2. Let v be y(0). Let a = v + -8. List the prime factors of a/15 + 47/5.
3
Let b = 1 + 3. Suppose 0 = b*f - 2*f - 52. What are the prime factors of f?
2, 13
Let k be (26/4)/(5/30). Let d = k + -16. List the prime factors of d.
23
Let q = -15 + 21. Suppose 3*r + 5*t = q*r - 30, 3*t + 50 = 5*r. List the prime factors of 2/(-10) + 142/r.
2, 7
Let n = -452 - -646. What are the prime factors of n?
2, 97
Let z(o) = -o + 11. Let q be z(-5). Let r = q + 10. List the prime factors of r.
2, 13
Let t be (4/(-6))/((-2)/75). Suppose t = 3*r - 5. List the prime factors of r.
2, 5
Let x be (2/2)/(2/6). Suppose x*r = 7 + 62. Suppose 0 = 2*w - i - r, 5*w - 2*w - 4*i - 42 = 0. What are the prime factors of w?
2, 5
Let d be 1*4*(-12)/(-6). Let l = d + 2. List the prime factors of l.
2, 5
Let b = 5 + -1. Suppose -b*j + 39 = -37. What are the prime factors of j?
19
Let d(z) be the second derivative of z**4/3 - z**3/2 - z**2 + 3*z. What are the prime factors of d(3)?
5
Let b(z) = -z**3 + 0*z + 4*z**2 + 2*z + 0*z**2 + 2*z**3. Let k be b(-2). Suppose -2*g = k*y - 78, y - 13 = g + 2. What are the prime factors of y?
2, 3
Let h(v) = -8*v + 2. What are the prime factors of h(-6)?
2, 5
Suppose -61 = -0*y - y - 4*v, -2*y - 5*v = -107. List the prime factors of y.
41
Let b = 247 + -112. What are the prime factors of b?
3, 5
Let j(t) = -63*t**3 - t**2 + t + 1. List the prime factors of j(-1).
2, 31
Let l(m) = 56*m + 36. What are the prime factors of l(6)?
2, 3, 31
Let o(m) = m**3 - 17*m**2 + 4*m - 13. Suppose 3*y + 19 - 70 = 0. List the prime factors of o(y).
5, 11
Let d = 4 + 2. Suppose 3*c = -s + d, -5*s + 81 = 2*c - 4*c. Suppose 18 + s = 3*i. List the prime factors of i.
11
Suppose -731 = -6*w - 149. What are the prime factors of w?
97
Suppose -272 = -7*h - h. What are the prime factors of h?
2, 17
Let c(z) = 14*z**2 - 6*z + 6. Let y(m) = 5*m**2 - 2*m + 2. Let j(f) = 4*c(f) - 11*y(f). What are the prime factors of j(2)?
2
Let l be 4*(-1)/6*-6. Let y(w) = -w**3 + 3*w**2 + 5*w. List the prime factors of y(l).
2
Let g = -6 - -3. Let n = 1 - g. Suppose -n*v + 20 = t + 1, -t + 10 = v. List the prime factors of t.
7
Let y(n) = -n**3 + 2*n**2 + 3*n + 2. Let u be y(3). Let m be (-8)/(-44) + 2/(-11). Suppose m = 3*s + u*s - 20. List the prime factors of s.
2
Suppose -2*k - 23 = 3*g - 143, 0 = 4*k + 2*g - 224. Let d = -28 + k. What are the prime factors of d?
2, 13
Suppose 0 = 3*a - 4*y - 91, -3*a - a + 5*y = -121. Let c = 55 - 11. Let g = c - a. List the prime factors of g.
3, 5
Let r be (-3)/12 - (-519)/12. Let i = r + -23. What are the prime factors of i?
2, 5
Let u = 22 + 2. List the prime factors of u.
2, 3
Let o(k) = -k**3 + k**2 + 2*k + 132. List the prime factors of o(0).
2, 3, 11
Let l be 1/((-3)/6 - -1). Suppose l*k - 6*k = -132. List the prime factors of k.
3, 11
Let m = -257 + 376. List the prime factors of m.
7, 17
Let o = 3 - 4. List the prime factors of (o/(-3))/((-2)/(-66)).
11
Let u = -455 + 812. List the prime factors of u.
3, 7, 17
Let j be -1*(-1 + 2 - 1). Suppose 0 = 3*s + 2*h - 43 - 39, -4*h - 16 = j. Let c = s + -20. What are the prime factors of c?
2, 5
Suppose -3*t - 21 = -3*b, b - 4 = -t - 1. Suppose b*d - 3*w = 85, 2*d + 0*w = 4*w + 48. List the prime factors of d.
2, 7
Suppose -3*o = 3 - 21. Suppose -18 = -o*z + 3*z. List the prime factors of z.
2, 3
What are the prime factors of -1*(-237 + 3) + 1*-2?
2, 29
Let p = 14 + -11. Suppose -3*z + 108 = -p*g, 5*z + 0*g - 170 = 3*g. List the prime factors of z.
31
Let t(q) = q**3 + q**2 - q + 2. Let w be t(-2). Suppose -4*u + 6*s + 26 = 4*s, w = -3*u - 5*s - 13. What are the prime factors of u/14 - (-80)/14?
2, 3
Let z(m) = m**2 + 2*m + 4. Suppose 0 = 5*g - 4*s + 7, 4*s - 2 = 4*g + 2*s. Suppose 2*o - 4*i + 27 = g, -4*i + 8 = 4*o. What are the prime factors of z(o)?
7
Let u = -21 + 79. Suppose -2*m = -4*k + u, -2*k + 95 = 3*k + 2*m. What are the prime factors of k?
17
Suppose 0 = 5*c - c - 20. List the prime factors of c.
5
Let k = 19 - -25. Suppose -3*c + 5*c - k = 0. List the prime factors of c.
2, 11
Suppose -4*y - 5*c = y - 270, 46 = y + 3*c. What are the prime factors of y?
2, 29
Let p be (3 - (-1 + 28)) + 3. Let q be (-7)/p*(1 + -1). Suppose -5*a + 2*a + 15 = q. What are the prime factors of a?
5
Let s(a) = -9*a. What are the prime factors of s(-14)?
2, 3, 7
Let b(r) be the third derivative of -3*r**6/40 - r**5/60 + r**2. Let a = -57 - -56. What are the prime factors of b(a)?
2
What are the prime factors of (-3)/(-6) + (-246)/(-12)?
3, 7
Suppose 5*m - 17 = 63. Suppose -4*u + m = 5*f, u + 2*f - 3 = 1. What are the prime factors of u?
2
Let p(b) = b**3 + 6*b**2 - 3*b + 1. List the prime factors of p(-5).
41
Let o(b) = -b**3 - 4*b**2 + b + 5. Suppose -3*n - 3*l - 9 = 0, 3*n + l + 10 = -l. Let z be o(n). Suppose 9 - z = i. List the prime factors of i.
2
Suppose 24*c = 19*c + 10. Let r = -7 + 15. Suppose 4*l - 30 = -l - 5*f, r = c*l + f. What are the prime factors of l?
2
Let z(a) = -3*a - 1. Let r(c) = c. Let v(j) = 2*r(j) + z(j). Let w be v(3). Let d(s) = s**3 + 5*s**2 + 4*s + 6. What are the prime factors of d(w)?
2, 3
Let q = -3 - -23. List the prime factors of q.
2, 5
Let k = 66 + -40. List the prime factors of k.
2, 13
Let g be 5/((-15)/(-6)) - 2. Let u = g - -10. What are the prime factors of u?
2, 5
Let w(k) = 11*k. Let n be w(1). What are the prime factors of n + (0/(-1))/(-1)?
11
Suppose -4*n = 5*z - 67, -4 - 2 = -2*z. Let q(i) = 8*i. Let p be q(-1). Let j = n + p. List the prime factors of j.
5
List the prime factors of (-1)/(825/(-205) + 4).
41
Let y(v) = -7 - 3*v**3 + 12 + 4*v**3 + 3*v + 0*v**2 - 4*v**2. What are the prime factors of y(4)?
17
What are the prime factors of 4/(-14) - 4086/(-42)?
97
Suppose 4*c + 5*b - 48 = 0, 3*